?
14
Let r(m) = -m**2 - 7*m - 2. Let a be r(-5). Let b = 10 - -56. Let w = b - 58. Calculate the greatest common factor of w and a.
8
Let m(x) = -x**3 + 2*x**2 - 2*x + 1. Suppose 2*f = -2 - 6. Let u be m(f). Calculate the greatest common factor of u and 15.
15
Suppose -112 = 5*z - 942. Suppose -3*g = -z - 59. What is the greatest common factor of g and 25?
25
Suppose -4*f + 0*f = -12. Suppose 0 = -c + f*c. Suppose -2*q + 9 + 3 = c. What is the highest common divisor of q and 18?
6
Suppose 44 + 236 = -8*o. Let y = o - -43. Calculate the highest common divisor of y and 1.
1
Suppose 5 = 3*m - 10. Let d(w) = 2*w**3 - 7*w**2 + 4*w - 5. Let u be d(m). Let a be (8/(-20))/((-1)/u). Calculate the highest common divisor of a and 4.
4
Let b be 0 + (-3 - -3) + 223 + 2. Let k(p) = -p**3 - 11*p**2 - 13*p - 5. Let u be k(-10). What is the highest common factor of u and b?
25
Let l be (1302/(-70))/((-3)/15). What is the highest common factor of l and 31?
31
Let z(y) be the third derivative of 6*y**2 + 0*y + 0 - 1/6*y**4 + 7/60*y**5 - 7/6*y**3. Let t be z(-4). Calculate the greatest common factor of 11 and t.
11
Let k(m) = -m**3 - 44*m**2 + 90*m - 79. Let p be k(-46). Suppose 531 = -4*y + y. Let g = y + 281. Calculate the greatest common factor of g and p.
13
Let w = 901 - 881. Calculate the highest common divisor of w and 16.
4
Let t(w) = -w**3 + 14 + 6*w - 17 - 273*w**2 + 270*w**2. Let l = -5 - 0. Let s be t(l). What is the highest common factor of s and 68?
17
Let s = -7 + 28. Suppose -2*l = 91 + 35. Let y be l*(320/(-15))/8. What is the greatest common divisor of s and y?
21
Let c be (-6)/8 + (-190)/(-8). What is the greatest common divisor of c and 253?
23
Suppose 8*o + 4641 = 873. Let h = o - -663. What is the highest common divisor of 24 and h?
24
Let z(p) = 2*p**2 + 14*p + 9. Let a = 123 + -132. Let y be z(a). Calculate the greatest common factor of 405 and y.
45
Let f(r) = -r**3 + 8*r**2 + 17*r - 12. Let i be f(9). Let v = 11 - -49. Let y be 6/(-9)*v/(-1). What is the highest common factor of y and i?
20
Suppose 1417 = 4*n + 5*z, -3*n = -z - 64 - 994. Let g be n/4 + (-2)/8. What is the highest common divisor of g and 8?
8
Suppose -2*l + 30 + 44 = 0. Let d(k) = 332*k**2 + 1. Let f be d(-1). Calculate the greatest common factor of f and l.
37
Let w(k) = 5*k**3 - 2*k**2 + 2*k - 8. Let z be w(2). Calculate the greatest common divisor of 7 and z.
7
Let c be (-3096)/42 + (-2)/7 - 1. Let m = 79 + c. What is the highest common divisor of m and 36?
4
Let s(q) = -11*q - 124. Let g be s(-22). Calculate the greatest common factor of g and 295.
59
Let b(u) = 10*u - 4. Let d be b(1). Let l be 0*2/d + (2 - -6). What is the greatest common factor of 2 and l?
2
Let d be (-245)/(-21) - (10/6 + -1). What is the highest common divisor of 44 and d?
11
Let j(d) be the first derivative of -d**4 - 2*d**3/3 + d**2 + 2*d - 8. Let g be j(-2). What is the highest common divisor of g and 55?
11
Let t(u) = u**2 - 10*u + 4. Let c be t(-2). What is the highest common factor of c and 70?
14
Let x(u) = 6*u**3 - 1. Let h be x(1). Let s = 0 + h. Suppose 2*t - 170 = -2*d, -t = -0*t - s. What is the highest common divisor of 8 and d?
8
Suppose -14 = -3*h - 0*h - 5*j, 4*h = -4*j + 16. Suppose -5*s = -4*s + 4*w - h, 3*s = -w + 64. Calculate the greatest common divisor of s and 46.
23
Let t(n) = -n**3 + 6*n**2 + n - 4. Let h be t(5). Let o = -3177 - -3203. What is the greatest common divisor of o and h?
26
Let z(g) = -2*g**3 - 77*g**2 - 51*g - 120. Let j be z(-38). What is the highest common divisor of j and 33?
11
Let w be ((-10)/8)/((-11)/3124). Suppose w = 11*h - 30. What is the highest common divisor of 7 and h?
7
Let k = 368 - 247. Calculate the greatest common factor of 44 and k.
11
Suppose -43*g - 26 = -45*g. Suppose g*i = 8*i + 135. Calculate the greatest common divisor of 54 and i.
27
Let b(j) = -106*j - 1. Let m be b(-1). Suppose 90 = 5*k - m. Suppose 3*v - 6 = k. What is the greatest common divisor of v and 45?
15
Let u = 904 + -902. Let p(d) = d**3 - 3*d**2 + 2. Let k be p(3). What is the greatest common divisor of u and k?
2
Suppose 0 = -10*r + 5 + 85. Let z(c) = -c**2 + 8*c + 13. Let s be z(r). What is the highest common divisor of 16 and s?
4
Let c = 20 + -15. Let i = -2 + c. Suppose 2*n = b + 51, -4*n + 87 = i*b - 2*b. What is the greatest common factor of n and 207?
23
Let b(v) = -v - 8. Let g be b(-5). Let x be (g/6)/(2/(-20)). What is the greatest common divisor of 25 and x?
5
Let p be 1594 - ((-4)/16 + (-12)/16). Calculate the greatest common factor of 55 and p.
55
Suppose -p + 56 = 2*n - 24, -5*p = n - 418. Calculate the greatest common divisor of p and 204.
12
Let p(y) = -4*y. Let q be p(-1). Let c be 192*3/3*2/q. What is the highest common factor of 12 and c?
12
Suppose 4*p - 4 = 0, 0 = 4*g - 3*p + 10 + 5. Let y be 88/(g - 22/(-6)). Calculate the highest common factor of y and 12.
12
Suppose -4*l + o = -209, l = 2*l - 2*o - 54. What is the greatest common factor of 78 and l?
26
Let x be 1/(-2 - 7/(-3)). Suppose 0 = x*i - 7 - 5. What is the greatest common divisor of i and 2?
2
Let h be (-30)/20*(-4)/6*-2. Let k be (-3 - (23 - -1))*h. What is the highest common divisor of 72 and k?
18
Let x be 800 - 3*(-7 + 6). What is the highest common factor of 44 and x?
11
Let u be (-1)/(0 - 3/24). Calculate the greatest common factor of 4 and u.
4
Let i(y) = -26*y + 25. Let c be i(-16). Let g = c - 297. What is the greatest common factor of 18 and g?
18
Let f(w) = -30*w + 230. Let n be f(6). What is the highest common factor of 20 and n?
10
Let f be (18/(-5))/(-6*1/40). Calculate the greatest common factor of 192 and f.
24
Suppose 0 = 3*r - 2*m - 43, -5*m + 2 + 1 = -r. Suppose 9*f - 13*f + 13*f - 765 = 0. Calculate the highest common divisor of r and f.
17
Let f be (-236 + -10)/(18/(-48)). Calculate the greatest common divisor of 32 and f.
16
Let h = 20 + -19. Let r be -11 - (h + -1 + -1). Let v = -6 - r. What is the greatest common factor of 4 and v?
4
Let l be 0*(-2)/8*-4. Suppose 0*w - 3*w + 15 = l. Calculate the highest common divisor of 35 and w.
5
Suppose -h + 32 = o, o - 4*h = 51 - 19. What is the highest common divisor of 12 and o?
4
Let o be (3 - -2) + 1*-2. Let y be ((-3)/(-5))/(1/5) + 52. Suppose -3*q - 2*f + y = 0, -3*q - o*f = q - 72. Calculate the highest common divisor of 189 and q.
21
Let l = 257 + -256. Let z = 1 - -5. What is the highest common divisor of z and l?
1
Suppose 3*a - 21 = 2*r, -r + 5*r = -3*a + 3. Let d be (-2)/(-1)*(a - (-105)/14). Calculate the highest common factor of 10 and d.
5
Suppose 4*x - 60 = 5*c, 2*x - 3*c = -4*c + 30. Let u = 685 + -655. What is the greatest common divisor of x and u?
15
Suppose -96 = -56*g + 240. What is the greatest common factor of g and 24?
6
Let y = -299 + 327. What is the greatest common factor of 154 and y?
14
Let z be ((-165)/2)/(1/(-2)). Let n be 131/(-1179) + (-298)/(-9). Calculate the greatest common divisor of z and n.
33
Let s(u) = u - 3. Let a be s(6). Let g be (-4 + (-57)/(-9))*a. What is the greatest common divisor of g and 21?
7
Let q be 3/(-2)*(-44)/33. Suppose -j = q*j. Suppose j*c = c - 64. Calculate the greatest common divisor of c and 8.
8
Let s = 615 + -555. Suppose -12 = -2*n - 0*n. What is the greatest common divisor of n and s?
6
Let x be 0 + -6*(-133)/21. Calculate the greatest common divisor of x and 950.
38
Let u be (2/(-6))/((-3)/2961). Suppose 2*y - 44 = -f, 2*y - u + 101 = -5*f. Suppose 0*b - b = -f. Calculate the highest common factor of 23 and b.
23
Let g = 264 + -240. Calculate the greatest common divisor of 66 and g.
6
Let d be ((-997)/(-9) - 0) + (-4)/(-18). Let k = d + -106. Calculate the highest common factor of 35 and k.
5
Suppose 27*k + 20 = 28*k. What is the greatest common factor of k and 50?
10
Suppose 0 = -0*a - 3*a - 4*t - 8, 5*a + 5*t + 10 = 0. Let k be (19 - a) + -3 + -1. Let x be ((-30)/25)/((-2)/k). What is the greatest common factor of x and 27?
9
Let r = 527 - 77. Calculate the greatest common divisor of r and 36.
18
Suppose -2 = -d - 6, -5*d = 3*w - 91. Let j = w - 14. Suppose 3*t - 46 = j. Calculate the highest common factor of t and 69.
23
Suppose -8*i = -2*m - 6*i + 10, -3*i + 17 = m. Calculate the highest common divisor of m and 136.
8
Let i be 2/(-5) - 216/(-15)